2314986?
2, 3, 385831
What are the prime factors of 2017388?
2, 37, 43, 317
What are the prime factors of 672794?
2, 336397
List the prime factors of 515727.
3, 6367
List the prime factors of 10370388.
2, 3, 7, 123457
List the prime factors of 10024365.
3, 5, 13, 51407
List the prime factors of 14177294.
2, 7088647
List the prime factors of 673683.
3, 19, 53, 223
What are the prime factors of 167563?
11, 15233
List the prime factors of 14122384.
2, 179, 4931
What are the prime factors of 321834?
2, 3, 53639
What are the prime factors of 2428693?
223, 10891
List the prime factors of 462166.
2, 67, 3449
List the prime factors of 245049.
3, 7, 1667
List the prime factors of 8077112.
2, 31, 32569
List the prime factors of 16783709.
17, 89, 11093
What are the prime factors of 4697701?
397, 11833
List the prime factors of 196007.
7, 28001
What are the prime factors of 2703764?
2, 7, 61, 1583
What are the prime factors of 16942464?
2, 3, 7, 11, 191
What are the prime factors of 13600537?
31, 191, 2297
List the prime factors of 2014998.
2, 3, 335833
What are the prime factors of 500535?
3, 5, 7, 227
List the prime factors of 12552761.
13, 251, 3847
What are the prime factors of 1253427?
3, 7, 17, 3511
What are the prime factors of 141152?
2, 11, 401
List the prime factors of 2047731.
3, 7, 97511
What are the prime factors of 1025998?
2, 512999
List the prime factors of 3205642.
2, 11, 19, 7669
List the prime factors of 18951.
3, 6317
List the prime factors of 144767.
7, 20681
List the prime factors of 1551129.
3, 517043
What are the prime factors of 2082322?
2, 11, 94651
What are the prime factors of 15288598?
2, 13, 89, 6607
What are the prime factors of 9291086?
2, 7, 113, 839
What are the prime factors of 2817995?
5, 563599
List the prime factors of 11175318.
2, 3, 7, 11, 733
What are the prime factors of 13287863?
17, 71, 101, 109
List the prime factors of 489463.
13, 23, 1637
List the prime factors of 13792539.
3, 311, 14783
List the prime factors of 108675.
3, 5, 7, 23
What are the prime factors of 349242?
2, 3, 58207
List the prime factors of 24331141.
24331141
What are the prime factors of 226586?
2, 277, 409
List the prime factors of 15007777.
19, 789883
What are the prime factors of 1222040?
2, 5, 137, 223
What are the prime factors of 1740768?
2, 3, 18133
What are the prime factors of 125059?
11, 11369
List the prime factors of 530390.
2, 5, 7, 7577
What are the prime factors of 1513434?
2, 3, 13, 19403
What are the prime factors of 3285595?
5, 509, 1291
What are the prime factors of 890610?
2, 3, 5, 7, 4241
List the prime factors of 172952.
2, 13, 1663
What are the prime factors of 9477?
3, 13
What are the prime factors of 1316241?
3, 146249
What are the prime factors of 221023?
11, 71, 283
What are the prime factors of 3970424?
2, 496303
List the prime factors of 733117.
7, 11, 9521
What are the prime factors of 1230828?
2, 3, 109, 941
List the prime factors of 15096123.
3, 7, 83, 2887
List the prime factors of 7527845.
5, 13, 179, 647
What are the prime factors of 391794?
2, 3, 13, 5023
What are the prime factors of 5234603?
11, 467, 1019
List the prime factors of 469499.
23, 137, 149
List the prime factors of 338175.
3, 5, 167
List the prime factors of 4424172.
2, 3, 127, 2903
What are the prime factors of 15961?
11, 1451
What are the prime factors of 223918?
2, 111959
What are the prime factors of 651806?
2, 31, 10513
What are the prime factors of 12065622?
2, 3, 1009, 1993
List the prime factors of 792612.
2, 3, 41, 179
List the prime factors of 40413293.
61, 662513
List the prime factors of 172758.
2, 3, 28793
List the prime factors of 1594830.
2, 3, 5, 53161
What are the prime factors of 4113349?
4113349
List the prime factors of 26390.
2, 5, 7, 13, 29
List the prime factors of 1990324.
2, 7, 31, 2293
What are the prime factors of 343846?
2, 171923
List the prime factors of 1253711.
347, 3613
List the prime factors of 20109.
3, 6703
List the prime factors of 4219788.
2, 3, 593
List the prime factors of 1613355.
3, 5, 59, 1823
What are the prime factors of 8440963?
8440963
List the prime factors of 5594259.
3, 11, 169523
What are the prime factors of 6867152?
2, 429197
List the prime factors of 15925.
5, 7, 13
List the prime factors of 5032947.
3, 547, 3067
What are the prime factors of 2948954?
2, 401, 3677
List the prime factors of 3986938.
2, 743, 2683
What are the prime factors of 168556?
2, 42139
List the prime factors of 950353.
587, 1619
What are the prime factors of 5989433?
89, 173, 389
List the prime factors of 14805765.
3, 5, 13, 25309
What are the prime factors of 367148?
2, 263, 349
List the prime factors of 118221.
3, 157, 251
What are the prime factors of 11812064?
2, 11, 23, 1459
What are the prime factors of 1936122?
2, 3, 151, 2137
What are the prime factors of 1155250?
2, 5, 4621
List the prime factors of 1617574.
2, 7, 43, 2687
List the prime factors of 2524383.
3, 280487
What are the prime factors of 1545676?
2, 11, 35129
What are the prime factors of 2682268?
2, 19, 29, 1217
List the prime factors of 12146236.
2, 1103, 2753
What are the prime factors of 1694983?
71, 23873
List the prime factors of 1735477.
1735477
What are the prime factors of 11834798?
2, 1627, 3637
List the prime factors of 2417972.
2, 149, 4057
List the prime factors of 886906.
2, 443453
List the prime factors of 24839.
59, 421
What are the prime factors of 514465?
5, 7, 14699
List the prime factors of 241577.
7, 34511
What are the prime factors of 7153470?
2, 3, 5, 61, 1303
What are the prime factors of 597413?
283, 2111
List the prime factors of 243924.
2, 3, 20327
List the prime factors of 322387.
13, 24799
What are the prime factors of 530175?
3, 5, 7069
List the prime factors of 77531.
31, 41, 61
What are the prime factors of 8747357?
29, 107, 2819
List the prime factors of 985036.
2, 13, 19, 997
What are the prime factors of 334989?
3, 19, 653
What are the prime factors of 13399301?
53, 252817
List the prime factors of 932462.
2, 191, 2441
List the prime factors of 2575381.
17, 197, 769
What are the prime factors of 1016031?
3, 149, 2273
List the prime factors of 12362225.
5, 577, 857
What are the prime factors of 2036372?
2, 13, 39161
List the prime factors of 6207715.
5, 521, 2383
What are the prime factors of 79664?
2, 13, 383
List the prime factors of 1701700.
2, 5, 7, 11, 13, 17
List the prime factors of 46158.
2, 3, 7, 157
What are the prime factors of 132769?
7, 13, 1459
List the prime factors of 153281.
153281
List the prime factors of 3126541.
11, 284231
What are the prime factors of 759595?
5, 43, 3533
What are the prime factors of 62213?
62213
What are the prime factors of 466220?
2, 5, 23311
List the prime factors of 37030046.
2, 17, 23, 47353
List the prime factors of 3148205.
5, 19, 31, 1069
List the prime factors of 6668748.
2, 3, 185243
What are the prime factors of 1187340?
2, 3, 5, 7, 11, 257
List the prime factors of 1129997.
11, 43, 2389
What are the prime factors of 1488808?
2, 149, 1249
List the prime factors of 1633717.
17, 5653
List the prime factors of 594457.
594457
List the prime factors of 752449.
752449
What are the prime factors of 1769023?
1769023
List the prime factors of 261643.
261643
List the prime factors of 1666952.
2, 7, 17, 103
List the prime factors of 274328.
2, 53, 647
What are the prime factors of 560959?
7, 127, 631
What are the prime factors of 423402?
2, 3, 7, 17, 593
List the prime factors of 249940.
2, 5, 12497
What are the prime factors of 36582429?
3, 13, 19, 49369
List the prime factors of 185393.
13, 1097
What are the prime factors of 1449497?
7, 53, 3907
List the prime factors of 30058351.
3121, 9631
List the prime factors of 144503.
83, 1741
What are the prime factors of 91245?
3, 5, 7, 11, 79
List the prime factors of 857029.
857029
List the prime factors of 153928.
2, 71, 271
List the prime factors of 4945041.
3, 549449
What are the prime factors of 1338842?
2, 47, 14243
What are the prime factors of 946955?
5, 189391
What are the prime factors of 11227755?
3, 5, 7, 11, 9721
What are the prime factors of 1751826?
2, 3, 291971
What are the prime factors of 16696?
2, 2087
What are the prime factors of 250409?
250409
List the prime factors of 7943999.
7, 29, 39133
List the prime 